mainder when 2473564 is divided by 166.
164
What is the remainder when 1911769 is divided by 2670?
49
Calculate the remainder when 37295160 is divided by 1873.
1857
Calculate the remainder when 1143354 is divided by 95002.
3330
What is the remainder when 77342 is divided by 15384?
422
Calculate the remainder when 60360 is divided by 2414.
10
What is the remainder when 141407 is divided by 69726?
1955
Calculate the remainder when 355821 is divided by 2737.
11
What is the remainder when 42159443 is divided by 13?
1
What is the remainder when 30141701 is divided by 9667?
9662
Calculate the remainder when 30014 is divided by 5979.
119
Calculate the remainder when 2759662 is divided by 21.
10
Calculate the remainder when 1061474966 is divided by 335.
331
Calculate the remainder when 2408445 is divided by 1661.
1656
Calculate the remainder when 1239164 is divided by 922.
918
Calculate the remainder when 1566176 is divided by 521985.
221
What is the remainder when 23106667 is divided by 23106655?
12
What is the remainder when 329468 is divided by 558?
248
What is the remainder when 26925703 is divided by 183?
181
What is the remainder when 102665 is divided by 14642?
171
What is the remainder when 258563 is divided by 8?
3
Calculate the remainder when 339706 is divided by 48519.
73
Calculate the remainder when 237214 is divided by 237177.
37
Calculate the remainder when 141446 is divided by 1539.
1397
Calculate the remainder when 1668694 is divided by 402.
394
Calculate the remainder when 11039657 is divided by 5.
2
Calculate the remainder when 16699 is divided by 16225.
474
Calculate the remainder when 32957317 is divided by 12879.
12835
What is the remainder when 18937591 is divided by 6372?
7
Calculate the remainder when 581582531 is divided by 28.
19
Calculate the remainder when 3167037422 is divided by 1089.
1088
Calculate the remainder when 12363283 is divided by 21464.
19
What is the remainder when 123847971 is divided by 363?
357
What is the remainder when 2936103 is divided by 21?
9
What is the remainder when 75775 is divided by 75594?
181
What is the remainder when 17939 is divided by 36?
11
Calculate the remainder when 2210575 is divided by 1744.
927
What is the remainder when 2620683 is divided by 2219?
44
Calculate the remainder when 562738 is divided by 184.
66
What is the remainder when 2592060 is divided by 161977?
428
Calculate the remainder when 64861051 is divided by 1508396.
23
Calculate the remainder when 3275921 is divided by 883.
874
Calculate the remainder when 133349 is divided by 7372.
653
What is the remainder when 1430547 is divided by 15894?
87
Calculate the remainder when 49549 is divided by 338.
201
Calculate the remainder when 271914503 is divided by 235.
233
Calculate the remainder when 13867231 is divided by 2700.
31
What is the remainder when 1996032 is divided by 665254?
270
What is the remainder when 235630 is divided by 12?
10
Calculate the remainder when 63328251 is divided by 4871403.
12
Calculate the remainder when 36455 is divided by 1439.
480
What is the remainder when 10844 is divided by 8798?
2046
Calculate the remainder when 35542770 is divided by 6356.
18
Calculate the remainder when 956533 is divided by 15.
13
Calculate the remainder when 1605899 is divided by 144.
11
Calculate the remainder when 195254730 is divided by 1193.
1192
Calculate the remainder when 173975 is divided by 827.
305
What is the remainder when 29033969 is divided by 269?
261
Calculate the remainder when 703168 is divided by 1767.
1669
What is the remainder when 4560 is divided by 2001?
558
What is the remainder when 541690 is divided by 4880?
10
Calculate the remainder when 11907905 is divided by 8235.
95
What is the remainder when 1281816 is divided by 213556?
480
What is the remainder when 806901477 is divided by 744?
741
Calculate the remainder when 14314682 is divided by 65.
57
Calculate the remainder when 6190124 is divided by 1801.
87
What is the remainder when 865418 is divided by 4025?
43
What is the remainder when 7307963 is divided by 79?
68
Calculate the remainder when 1898866 is divided by 632756.
598
What is the remainder when 3669073 is divided by 719?
16
Calculate the remainder when 231542 is divided by 1962.
26
Calculate the remainder when 2013990 is divided by 30977.
485
What is the remainder when 443735 is divided by 6625?
6485
Calculate the remainder when 329061 is divided by 194.
37
What is the remainder when 26448155 is divided by 13224058?
39
What is the remainder when 3992668 is divided by 1962?
1960
Calculate the remainder when 41963872 is divided by 20981931.
10
Calculate the remainder when 2921400 is divided by 164.
68
Calculate the remainder when 19292642 is divided by 211.
68
What is the remainder when 1957953 is divided by 1916?
1717
Calculate the remainder when 818830 is divided by 10109.
1
Calculate the remainder when 30429665 is divided by 298.
289
Calculate the remainder when 17936595 is divided by 664318.
9
What is the remainder when 9551550 is divided by 70752?
30
Calculate the remainder when 7949640 is divided by 153.
66
What is the remainder when 7362361 is divided by 167?
166
Calculate the remainder when 49281 is divided by 12028.
1169
Calculate the remainder when 41582 is divided by 13770.
272
Calculate the remainder when 441946797 is divided by 18.
15
Calculate the remainder when 27999046 is divided by 3010.
26
Calculate the remainder when 35360625 is divided by 120.
105
Calculate the remainder when 3082755 is divided by 98.
67
Calculate the remainder when 83937418 is divided by 27979136.
10
What is the remainder when 371709 is divided by 117?
0
Calculate the remainder when 3110112 is divided by 222080.
992
What is the remainder when 7290831 is divided by 2632?
191
What is the remainder when 318847189 is divided by 4?
1
What is the remainder when 1399550 is divided by 2868?
2834
Calculate the remainder when 186193957 is divided by 2440.
2437
What is the remainder when 8877420 is divided by 246591?
144
What is the remainder when 1760999 is divided by 1966?
1429
Calculate the remainder when 18736 is divided by 9154.
428
Calculate the remainder when 291956 is divided by 71828.
4644
What is the remainder when 21606423 is divided by 2102?
2067
What is the remainder when 4056740 is divided by 811346?
10
What is the remainder when 2955044 is divided by 1073?
2
Calculate the remainder when 1745266 is divided by 1212.
1198
Calculate the remainder when 27140041 is divided by 38661.
19
Calculate the remainder when 2496493 is divided by 157.
36
What is the remainder when 524245 is divided by 1013?
524
What is the remainder when 36536073 is divided by 1846?
41
What is the remainder when 4458147 is divided by 1192?
67
Calculate the remainder when 129711 is divided by 79.
72
What is the remainder when 2508298 is divided by 31?
26
Calculate the remainder when 21315834 is divided by 256.
250
What is the remainder when 85220 is divided by 625?
220
Calculate the remainder when 3008768 is divided by 107454.
56
Calculate the remainder when 81959 is divided by 1375.
834
What is the remainder when 158020 is divided by 25771?
3394
Calculate the remainder when 10364437 is divided by 451.
6
What is the remainder when 40031 is divided by 16997?
6037
What is the remainder when 480329 is divided by 19?
9
What is the remainder when 5935411 is divided by 23?
8
What is the remainder when 144405 is divided by 1623?
1581
Calculate the remainder when 3396750 is divided by 94354.
6
What is the remainder when 1570234 is divided by 50649?
115
Calculate the remainder when 369057 is divided by 22854.
3393
What is the remainder when 11119090 is divided by 72?
58
Calculate the remainder when 633548 is divided by 135.
128
Calculate the remainder when 4021512 is divided by 992.
936
What is the remainder when 366665 is divided by 116?
105
What is the remainder when 582095 is divided by 194030?
5
Calculate the remainder when 845893 is divided by 81.
10
What is the remainder when 41790641 is divided by 91?
74
Calculate the remainder when 450682 is divided by 81.
79
What is the remainder when 168908 is divided by 1645?
1118
Calculate the remainder when 538568 is divided by 821.
813
Calculate the remainder when 99873 is divided by 3025